1).
-53
Let k(g) = -9*g + 47. Calculate k(8).
-25
Let m(w) = -w**2 - 20*w + 620. Give m(-37).
-9
Let h(d) = 3*d**3 - d**2 + 4*d - 2. What is h(3)?
82
Let i(h) = -2*h**2 + 11*h - 15. Give i(4).
-3
Let x(p) = p**2 + 18*p - 31. Determine x(-20).
9
Let d(u) = -u**3 + 3*u**2 - u + 1. Calculate d(2).
3
Let u(a) = a**3 + 4*a**2 - a + 7. Calculate u(-4).
11
Let b(l) = 14*l. Give b(1).
14
Let r(a) = 6*a + 6. What is r(4)?
30
Let z(n) = 6*n + 3. Give z(-3).
-15
Let z(g) = -g**3 + 11*g**2 - 9*g - 8. Give z(10).
2
Let w(a) = 3*a**3 + 4*a**2 + a + 3. What is w(-3)?
-45
Let h(c) = c**3 - 27*c**2 + 74*c - 46. Calculate h(24).
2
Let t(f) = 2*f**3 + 8*f**2 - 15*f + 6. Give t(1).
1
Let t(i) = -i + 3. Calculate t(-5).
8
Let s(a) = 3*a - 11. What is s(-2)?
-17
Let h(b) = -b**2 - 6*b - 12. Give h(-7).
-19
Let i(b) = -b**3 - 19*b**2 - 18*b + 9. Give i(-18).
9
Let l(y) = 2*y - 1. Determine l(-11).
-23
Let j(t) = -2*t**3 - 2*t**2 - 4*t - 3. Give j(-2).
13
Let a(u) = -u + 6. Determine a(5).
1
Let i(d) = d**3 + d**2 - d - 36. Give i(0).
-36
Let r(v) = v - 1. Determine r(9).
8
Let h(r) = -r**2 - 14*r - 44. What is h(-8)?
4
Let x(r) = -r**3 + 15*r**2 - 9*r - 9. What is x(14)?
61
Let j(w) = -5*w - 70. Determine j(-13).
-5
Let x(f) = f**3 - 12*f**2 + 4*f - 42. What is x(12)?
6
Let s(p) = 2*p**3 + 37*p**2 - 20*p - 11. Calculate s(-19).
8
Let s(z) = -10*z + 52. Determine s(4).
12
Let u(g) = -g**2 - 2*g + 12. Calculate u(-5).
-3
Let u(s) = -5*s**2 + s + 4. What is u(3)?
-38
Let z(t) = -t**2 - 62*t + 479. Calculate z(-69).
-4
Let z(u) = u**3 - 17*u**2 + 14*u + 1. What is z(16)?
-31
Let m(r) = 18*r + 336. Determine m(-20).
-24
Let i(f) = f**3 - 16*f**2 + 12*f + 40. Determine i(15).
-5
Let v(s) = -2*s**3 + s - 1. Give v(-2).
13
Let l(b) = -12*b**2 + 95*b + 4. Give l(8).
-4
Let w(b) = -2*b**3 - 23*b**2 + 14*b + 28. What is w(-12)?
4
Let t(z) = 16*z**3 - 4*z**2 + 5. Calculate t(2).
117
Let i(o) = 3*o**3 + 117*o**2 - 2*o - 60. Determine i(-39).
18
Let j(r) = 6*r**2 - 4. Determine j(2).
20
Let f(z) = -z**3 - 3*z**2 - 7. Give f(-3).
-7
Let u(l) = 2*l**3 + 2*l**2 - 7*l - 7. Give u(-4).
-75
Let q(j) = j**2 - 2*j + 5. What is q(4)?
13
Let f(u) = -3*u**2 - 47*u - 97. What is f(-13)?
7
Let a(h) = -h**2 - 2*h + 5. Give a(0).
5
Let f(c) = c**2 + 16*c + 31. Calculate f(-5).
-24
Let r(b) = 3*b**2 - 25*b - 4. Calculate r(8).
-12
Let h(k) = k**3 + 5*k**2 - 8*k - 4. Determine h(-6).
8
Let j(f) = -9*f**2 + f - 3. Calculate j(2).
-37
Let v(k) = k**2 + 6*k. Calculate v(-5).
-5
Let v(y) = -y**3 - 3*y**2 - 12*y - 18. Give v(-2).
2
Let q(s) = 4*s - 51. What is q(14)?
5
Let b(y) = -y**2 - 14*y - 38. Calculate b(-12).
-14
Let v(r) = 2*r**2 + 3*r. Determine v(-6).
54
Let c(z) = -2*z + 23. Determine c(10).
3
Let v(f) = -2*f + 8. Determine v(-10).
28
Let s(d) = 3*d**2 + 14*d + 2. Give s(-4).
-6
Let h(x) = -x**3 - 17*x**2 + 18*x + 3. What is h(-18)?
3
Let d(y) = -y**2 + 16*y + 37. Give d(18).
1
Let v(o) = -o**2 + 48*o - 549. Calculate v(29).
2
Let t(k) = -k**2 + 7*k + 17. Give t(9).
-1
Let a(d) = d - 2. Calculate a(3).
1
Let c(w) = w**3 + 9*w**2 - 5*w - 104. Give c(-8).
0
Let g(q) = 3*q + 21. Calculate g(7).
42
Let n(u) = u - 70. Determine n(5).
-65
Let t(o) = -3*o - 14. Determine t(9).
-41
Let n(l) = l**3 + 13*l**2 - 15*l - 7. Give n(-14).
7
Let p(m) = m - 16. Determine p(8).
-8
Let a(p) = 9*p - 116. Give a(13).
1
Let s(q) = -q**3 - 12*q**2 + 11. Calculate s(-12).
11
Let y(v) = v - 1. Calculate y(12).
11
Let j(d) = -d**3 - 3*d**2 - 4*d - 1. What is j(-3)?
11
Let s(k) = 15*k - 4. Give s(1).
11
Let t(m) = 41*m**2 - 3*m - 1. What is t(-1)?
43
Let r(z) = 102*z - 611. What is r(6)?
1
Let s(p) = -4*p**2 + 91*p + 8. Calculate s(23).
-15
Let m(f) = 2*f - 3. Give m(5).
7
Let l(h) = 2*h - 5. What is l(-5)?
-15
Let b(o) = -o**3 + 6*o**2 + 14*o + 9. Calculate b(8).
-7
Let z(c) = -c**3 - 34. Determine z(0).
-34
Let v(l) = l**3 + 7*l**2 - 8*l + 1. Calculate v(-8).
1
Let c(j) = 22*j**2 - 108*j - 7. Give c(5).
3
Let f(v) = 28*v - 464. Give f(16).
-16
Let t(u) = 2*u**2 + 4*u - 10. Give t(-5).
20
Let a(n) = n**2 - 9*n - 78. Calculate a(-6).
12
Let y(t) = 12*t + 48. Determine y(-4).
0
Let k(w) = -w**3 - 2*w**2 + 3*w - 1. What is k(-3)?
-1
Let q(w) = w**3 - 15*w**2 + 27*w - 10. Calculate q(13).
3
Let n(t) = 18*t**2 - 74*t - 2. Give n(4).
-10
Let d(w) = -w**2 + 33*w - 16. Give d(35).
-86
Let q(i) = -5*i**2 - 3*i + 4. What is q(-2)?
-10
Let o(d) = 3*d**2 - 4*d + 10. Give o(3).
25
Let q(u) = -7*u + 20. Determine q(5).
-15
Let t(h) = -5*h**2 + 8*h + 6. Determine t(-1).
-7
Let z(x) = x**3 - 4*x**2 - 4*x + 7. Determine z(5).
12
Let x(m) = -m**2 - 8*m + 4. Give x(-7).
11
Let h(q) = -5*q - 3. What is h(-6)?
27
Let j(s) = s**3 - 10*s**2 - 14*s + 142. Calculate j(10).
2
Let d(h) = h**3 - h**2 - 6*h + 2. Determine d(4).
26
Let c(d) = -4*d - 37. Determine c(-15).
23
Let b(w) = -w**3 + 9*w**2 - 13*w - 6. What is b(7)?
1
Let h(b) = b**3 - 13*b**2 + 39*b + 5. Give h(8).
-3
Let m(z) = -z**3 - 5*z**2 - z + 5. Determine m(-5).
10
Let r(m) = -8*m - 1. Give r(-6).
47
Let s(r) = 24*r - 1. Calculate s(1).
23
Let g(u) = -u**2 + 9*u + 19. Calculate g(11).
-3
Let h(x) = -x**2 + 14*x - 55. Determine h(6).
-7
Let s(l) = -l**3 - 8*l**2 - 10*l - 13. Calculate s(-6).
-25
Let p(d) = -2*d**2 + 2*d + 18. What is p(-3)?
-6
Let k(p) = -6*p + 29. Calculate k(3).
11
Let s(b) = -3*b**2 - 3*b + 2. What is s(3)?
-34
Let q(n) = 14*n - 128. Give q(8).
-16
Let n(y) = -5*y**3 - y**2 - y + 2. Determine n(2).
-44
Let l(y) = -y**3 + 25*y**2 + 53*y + 27. What is l(27)?
0
Let d(r) = -21*r**2. What is d(-1)?
-21
Let q(k) = -11*k**2 - k - 2. What is q(-1)?
-12
Let u(l) = -l**3 - 8*l**2 + 4*l - 17. Give u(-8).
-49
Let v(d) = 4*d + 119. What is v(-29)?
3
Let g(f) = -11*f + 57. Calculate g(6).
-9
Let u(d) = d**2 - 2*d - 10. What is u(7)?
25
Let r(m) = -m**2 - 31*m - 114. Give r(-28).
-30
Let v(i) = -4*i - 22. Give v(23).
-114
Let y(j) = 5*j + 7. Calculate y(-7).
-28
Let j(u) = 23*u - 3. What is j(1)?
20
Let c(r) = r**3 - 35*r**2 + 33*r + 15. Determine c(34).
-19
Let z(t) = -t**2 - 14*t + 5. Determine z(-15).
-10
Let s(u) = 11*u - 79. Give s(12).
53
Let y(r) = 4*r. Determine y(-2).
-8
Let o(n) = n**3 - 26*n**2 - 28*n + 30. Determine o(27).
3
Let x(c) = c**3 - 7*c**2 - 6*c + 44. Calculate x(7).
2
Let i(d) = -2*d - 3. Calculate i(0).
-3
Let j(a) = 3*a**2 - 2. Determine j(1).
1
Let l(j) = -11*j - 24. What is l(-6)?
42
Let i(o) = 9*o + 72. Give i(-9).
-9
Let y(d) = -d**3 - 5*d**2 - 4*d - 25. Give y(-5).
-5
Let g(o) = -3*o**2 + 5*o - 2. Give g(6).
-80
Let w(l) = 89*l**2 - 3*l + 3. Calculate w(1).
89
Let h(n) = n**3 - 7*n**2 + 6*n - 1. Determine h(4).
-25
Let h(m) = -16*m + 435. What is h(28)?
-13
Let s(c) = -10*c + 6. Determine s(6).
-54
Let f(c) = -c**3 - 6*c**2 + 6*c + 7. Calculate f(-6).
-29
Let q(s) = -s + 2. Determine q(-6).
8
Let v(o) = -6*o - 70. Determine v(-13).
8
Let l(o) = -o + 5. Give l(-7).
12
Let w(c) = -2*c**3 - c**2 + 6*c + 7. Determine w(-2).
7
Let l(s) = s**3 - 3*s**2 - 16*s + 24. Give l(5).
-6
Let t(i) = -13*i - 3. Determine t(6).
-81
Let f(s) = s + 12. What is f(-14)?
-2
Let p(w) = -15*w - 1023. Calculate p(-68).
-3
Let a(n) = -n + 103. Calculate a(0).
103
Let q(x) = x**3 - 8*x**2 + 5*x - 5. Calculate q(7).
-19
Let o(j) = -j**3 + j**2 + 10*j - 3. Determine o(-3).
3
Let w(b) = -12*b + 12. What is w(9)?
-96
Let f(v) = -2*v**3 + 18*v**2 + 18*v + 9. Determine f(10).
-11
Let f(d) = d**2 - 10*d - 11. Give f(11).
0
Let i(j) = j**3 - 4*j**2 + 4*j - 2. Determine i(2).
-2
Let w(j) = 3*j - 10. Determine w(5).
5
Let u(q) = -q - 27. Give u(3).
-30
Let j(b) = 2*b + 6. Determine j(-5).
-4
Let q(y) = y**2 - 5*y + 7. Give q(10).
57
Let r(g) = 3*g**2 - 26*g - 7. Give r(9).
2
Let v(i) = i**3 - 16*i**2 + 18*i - 12. Determine v(14).
-152
Let l(y) = y**3 + 21*y**2 - 40*y + 15. Determine l(-23).
-123
Let j(h) = h**3 - 3*h**2 + 2*h - 21. Calculate j(4).
3
Let m(a) = -a**2 - 12*a + 15. What is m(-16)?
-49
Let u(p) = 8*p + 49. Determine u(7).
105
Let l(p) = -p**3 - 18*p**2 + 16*p - 16. Calculate l(-19).
41
Let r(d) = -10*d + 1. What is r(1)?
-9
Let s(n) = n + 21. Calculate s(0).
21
Let j(k) = 4*k - 14. Determine j(7).
14
Let h(g) = -9*g**2 + g. Calculate h(-2).
-38
Let x(r) = r**2 + 2*r - 2. Give x(-3).
1
Let d(u) = 4*u**2 - u - 5. Calculate d(4).
55
Let g(p) = -2*p**2 - 8*p + 10. Give